 - b. List the prime factors of h(u).
7
Let q = 51 + -19. Suppose 5*i = i. Suppose i = -4*b + 8 + q. List the prime factors of b.
2, 5
Let v(a) = 193*a - 66. List the prime factors of v(5).
29, 31
Let d(w) = -w**3 + w**2 + 5*w + 14. Let f be d(-6). Suppose -2*i + f = 3*z, 3*i - 96 = -5*z + 259. List the prime factors of i.
5, 23
Let v(c) = 3*c**2 + 3*c + 19. Let y be v(9). Suppose -71 - y = -4*b. Suppose -5*z + 0*z = -b. List the prime factors of z.
2, 3
Let h(v) = 4*v**2 - 9*v + 32. What are the prime factors of h(14)?
2, 3, 5, 23
Let u(j) = -3346*j**3 - j**2 - 4*j - 4. What are the prime factors of u(-1)?
3, 5, 223
Let h(d) = d**3 - 2*d**2 - 126*d - 3. What are the prime factors of h(13)?
2, 109
Suppose 77 = -2*r - 33. Let b = -101 - -19. Let d = r - b. What are the prime factors of d?
3
List the prime factors of 8/(-32)*4*(-474)/2.
3, 79
Let j = 40 + -36. Suppose -2*f + 13 = 5*g, 3*f - 36 = -j*g + 2*g. What are the prime factors of f?
2, 7
Let c = 21 + -19. Let j be 8 - 0 - (c - -1). Suppose 2*s = j*l - 165, -3*l = -8*l - 4*s + 135. List the prime factors of l.
31
Suppose 7*x - 948 = -66. What are the prime factors of x?
2, 3, 7
Let c(j) = -1 + 6*j - j**2 + 0*j**2 - 11*j. Let a be c(-4). What are the prime factors of (4*-6)/(-2) + a?
3, 5
Let f(p) be the first derivative of p**4/24 + 5*p**3/3 - p**2 + 7. Let l(w) be the second derivative of f(w). What are the prime factors of l(10)?
2, 5
Suppose w - 1063 = -2*r, 5290 = 9*w - 4*w + 5*r. What are the prime factors of w?
3, 13
Let a be 789/(-3)*(3 - 6). Suppose -3*f - 2*o + 591 = 0, 4*f + o = -2*o + a. List the prime factors of f.
3, 5, 13
Let k(d) = -32*d - 5. Let w be k(-3). Suppose -l + 26 = -w. What are the prime factors of l?
3, 13
Suppose p + 5*p - 690 = 0. Suppose -4*h - g + 117 = -p, 2*h + 3*g = 116. Let m = -23 + h. List the prime factors of m.
5, 7
Let p(b) = 2*b**3 + 35*b**2 + 28*b - 31. What are the prime factors of p(-16)?
17
Suppose h - 4*d = d + 706, 1 = d. What are the prime factors of h?
3, 79
Let o(g) = -35*g - 5. Suppose -3*a = a + 4, 4*m = 3*a - 13. List the prime factors of o(m).
3, 5
Let t be (-121)/(-22)*(1 - 2 - -3). Suppose 0*p = p - 183. Suppose 8*m + p = t*m. List the prime factors of m.
61
Suppose 0 = 3*s - 4*q - 182, s = 3*s - 3*q - 121. Suppose 4*i - i = 5*g - 96, 4*g + 5*i - s = 0. List the prime factors of g.
2, 3
Let p = 15132 + -10762. What are the prime factors of p?
2, 5, 19, 23
Let r(b) = 7*b - 15. Let k be r(3). Suppose -k - 306 = -6*i. What are the prime factors of i?
2, 13
Let a = -10 + -2. Let o = -7 - 0. Let m = o - a. List the prime factors of m.
5
Let i(y) = -3*y**2 + 18*y - 14. Let m(c) = 4*c**2 - 18*c + 13. Let s(p) = 5*i(p) + 4*m(p). Let r be s(-19). What are the prime factors of -1*(r - (-4 + 11))?
2, 3
Let m = -20 + 25. Suppose -2*h - x = -84, -2*h - 215 = -7*h - m*x. Let c = h - 10. What are the prime factors of c?
31
Let p(y) be the third derivative of -y**5/60 - y**4/3 + y**3/3 - 5*y**2. Let l be p(-6). What are the prime factors of 4/l + (-304)/(-14)?
2, 11
Let j = -4 + 10. Suppose 0*r = -j*r + 144. List the prime factors of r.
2, 3
Let a(t) = t**3 + 3*t**2 - t - 1. Suppose 2*g + g - 30 = 0. Suppose -5*x + 0*x - g = 0. List the prime factors of a(x).
5
Suppose -d + 4*s + 112 = d, 2*d = -s + 102. Suppose 4 + d = t. Suppose -3*x = x - t. What are the prime factors of x?
2, 7
Suppose -3*i - 2 - 142 = 2*r, -2*r + 2*i - 144 = 0. Let t be ((-7)/14)/((-3)/r). What are the prime factors of t/18 + 116/3?
2, 19
Suppose 3*m - 2885 = 25. What are the prime factors of m?
2, 5, 97
Suppose -1036 = -3*y + 5*c, 0*c - 1363 = -4*y + 3*c. List the prime factors of y.
337
Suppose -20*q = -47*q + 27216. What are the prime factors of q?
2, 3, 7
Suppose 320 = 1578*l - 1573*l. List the prime factors of l.
2
Let z = -118 - -132. Suppose 3*d = z + 52. List the prime factors of d.
2, 11
Let y(c) be the first derivative of -19*c**2/2 - 13*c - 27. What are the prime factors of y(-8)?
139
Suppose -4*h - 7*g + 8 = -3*g, -4*g + 17 = h. What are the prime factors of (-2)/6*((-9)/h - 477)?
2, 79
Suppose -5*h - j + 2*j - 267 = 0, 4*h = 3*j - 207. Let p = -40 - h. What are the prime factors of p?
2, 7
Suppose -2*q + 9*q - 189 = 0. Let o = q - -72. What are the prime factors of o?
3, 11
Let j(r) = 9*r**2 + 3 - 32*r + 10 + 18. Let z(m) = 3*m**2 - 11*m + 10. Let y(h) = 3*j(h) - 8*z(h). List the prime factors of y(6).
73
Let w(g) = g**3 - 10*g**2 - 18*g + 92. List the prime factors of w(11).
3, 5
Let d = -12 - -14. List the prime factors of ((-7)/d)/(-7)*92.
2, 23
Let u = 25 - 20. Suppose u*t + 22 = 402. Suppose t + 24 = 4*h. List the prime factors of h.
5
Suppose -9 = -0*p - 3*p. Let y be (-1)/((12/(-32))/p). Suppose -3*n - 3*l = -y*n + 84, -12 = 4*l. What are the prime factors of n?
3, 5
Let y be (-1 - -2) + (-24)/(-4 + 12). Let t(i) = -7*i**2 - 7*i + 1. Let d(x) = -7*x**2 - 6*x. Let u(a) = -5*d(a) + 4*t(a). List the prime factors of u(y).
2, 7
Let j(u) = u**2 - 9*u - 11. Let n be j(11). Suppose n = -l + 23. List the prime factors of l.
2, 3
Let r be 3/(-6)*0/1. Suppose 3*m = -r*m + 78. Suppose 2*h - m = -0*h. List the prime factors of h.
13
Suppose 3*b = -q - 140, 0 = 3*b - 2*q + 60 + 92. Suppose -u + 13 - 42 = 0. Let c = u - b. List the prime factors of c.
19
List the prime factors of 30/(-60)*1*-2*381.
3, 127
Suppose 0*q - 1 = q - v, 3*q + 3 = -v. List the prime factors of q/(-6)*-3*-254.
127
Let t(h) = h**3 - 13*h**2 + 3. Let g(i) = -i**2 + 14*i. Let r be g(13). Let z be t(r). Suppose z*u - 2*u = 21. List the prime factors of u.
3, 7
Let z = 3 - 1. Suppose 50 = 4*f - z*s, -4*f + 3*s + 52 = -s. Let x = f + 1. What are the prime factors of x?
13
Let c(a) = a**2 + 20*a - 12. Let o be c(-16). Let x = -19 - o. List the prime factors of x.
3, 19
Let i(z) be the third derivative of -z**4/4 + 41*z**3/6 + 5*z**2 + 3*z. List the prime factors of i(-13).
7, 17
Let h(w) = -2065*w - 190. List the prime factors of h(-2).
2, 5, 197
Suppose -336 = -2*x + 224. Let h = -100 + x. What are the prime factors of h?
2, 3, 5
Suppose -2*t = 33*t - 147840. List the prime factors of t.
2, 3, 11
Let b(r) = 29*r**3 - 24*r**2 + 3*r + 5. List the prime factors of b(4).
1489
Let i = 799 - 341. List the prime factors of i.
2, 229
Let y(m) = -100*m + 11. What are the prime factors of y(-15)?
1511
Suppose -374*v = -378*v + 952. List the prime factors of v.
2, 7, 17
Let d(b) = 5*b - 8. Let m be d(2). Suppose -m*z + 88 = -240. What are the prime factors of z?
2, 41
Let k be ((-3)/6)/(1/8). Let h = 223 + -225. List the prime factors of 48 + k/2 - h.
2, 3
Let s(w) = -w**2 - 8*w - 3. Let v be s(-5). Suppose -2*g - v = -160. What are the prime factors of g?
2, 37
Suppose -2*m + 3 = -9. Let r be 0*(-1)/((-4)/4). Suppose t - m*t + 135 = r. List the prime factors of t.
3
Let c(b) = -2*b**2 + 7*b - 17. Let s be c(9). Let v = s - -202. What are the prime factors of v?
2, 43
Let v(a) = -52*a**3 - 10*a**2 - 13*a - 11. What are the prime factors of v(-3)?
2, 11, 61
Let s(d) = d**2 + 7*d + 4. Let h be s(-7). Let i(g) = g**2 - 2 + h*g + 2*g + g. What are the prime factors of i(-8)?
2, 3
Let l(r) = -3*r - 12*r + 1 - 2. Let m be l(-1). Suppose -m = -3*o + 61. List the prime factors of o.
5
Suppose 0 = 5*b - 6*b + 547. What are the prime factors of b?
547
Suppose -2*a + 0*a = 5*f - 4, 12 = 2*a + f. List the prime factors of 2448/56 - (-2)/a.
2, 11
Let d(o) = -o + 9. Let c be d(7). Suppose -280 = -2*i + 5*j, 3*i - c*j + 196 = 605. List the prime factors of i.
3, 5
Let r(a) = -59*a**3 - a. Let n be 2*-5*(-4)/20. Let v be (-12)/(-18)*(-3)/n. What are the prime factors of r(v)?
2, 3, 5
Let i = -248 - -609. List the prime factors of i.
19
Let x be 1/2*2 - -4664. What are the prime factors of x/60 - 6/8?
7, 11
Let b(y) = 23 + y**2 + 3*y + 23 + 8*y - 14. List the prime factors of b(-13).
2, 29
Suppose v = -0*v - 62. Let f = -38 - v. What are the prime factors of f?
2, 3
Let f(j) be the third derivative of 2*j**5/15 + j**4/4 + 11*j**3/6 + 41*j**2. List the prime factors of f(5).
241
Let q be 0 + -3 + (50 - 0). Suppose -295 = -8*f - q. What are the prime factors of f?
31
Let g(b) = 2*b**2 + 10*b + 9. Let t = -6 + -1. Let y be g(t). Let l = 106 - y. What are the prime factors of l?
3, 23
Let b be (30/20)/((-6)/(-1456)). Suppose 4*c =